e z(81).
1884
Let m(u) = 8*u**2 + 6735*u + 59967. Calculate m(-9).
0
Let n(d) = -2*d**2 + 364*d - 8579. Give n(154).
45
Let c(b) = -6*b**3 - 127*b**2 - 218*b - 4731. Determine c(-21).
-594
Let p(k) = 5*k**3 - 119*k**2 - 274*k + 58. What is p(26)?
370
Let y(t) = -3*t**2 + 685*t - 4212. Give y(222).
6
Let d(t) = t**3 + 18*t**2 - 249*t - 4408. Determine d(-15).
2
Let u(j) = -4*j**3 + 59*j**2 - 726*j + 11228. Calculate u(15).
113
Let y(k) = 60057*k + 3002858. Give y(-50).
8
Let l(j) = 3*j**2 - 343*j + 3406. Calculate l(11).
-4
Let i(z) = z**3 - 73*z**2 - 5468*z - 717. Give i(119).
-3
Let a(k) = 554841*k + 6103268. What is a(-11)?
17
Let v(t) = 77*t**2 + 696*t + 1155. Determine v(-5).
-400
Let x(v) = v**3 + 33*v**2 + 201*v - 790. Give x(-13).
-23
Let m(b) = -b**3 - 26*b**2 + 384*b + 10080. What is m(-20)?
0
Let w(b) = -36*b**3 + 3*b**2 - 200*b - 197. What is w(-1)?
42
Let y(f) = 23*f**2 - 124*f + 174. Determine y(3).
9
Let r(l) = -8*l**2 - 781*l + 252. What is r(-98)?
-42
Let g(v) = -v**2 + 187*v - 5694. Determine g(29).
-1112
Let t(g) = -769*g - 12146. Determine t(-25).
7079
Let i(p) = p**3 - 366*p**2 - 1944*p + 33060. Calculate i(371).
41
Let k(a) = -a**3 + 39*a**2 + 286*a - 755. Calculate k(45).
-35
Let l(t) = -4266*t + 72258. What is l(17)?
-264
Let a(b) = b**3 + 66*b**2 - 95*b + 24225. Determine a(-72).
-39
Let r(t) = -t**2 + 54*t + 2618. Determine r(-33).
-253
Let j(m) = -m**3 + 78*m**2 + 2573*m + 165. Determine j(103).
-41
Let d(c) = 11*c**3 + 3704*c**2 - 1022*c - 3707. Give d(-337).
0
Let f(q) = 2*q**3 - 184*q**2 + 1949*q - 2405. Give f(80).
-85
Let f(r) = -6053*r - 272421. Calculate f(-45).
-36
Let a(v) = v**2 - 8325*v + 421978. Give a(51).
4
Let v(z) = 32469*z - 32582. Give v(1).
-113
Let y(u) = 105*u + 16512. Give y(-159).
-183
Let b(v) = 125*v + 21139. What is b(-171)?
-236
Let d(b) = -8*b**2 + 43*b - 32. Give d(-7).
-725
Let s(i) = -61*i**2 - 307*i - 378. Determine s(-2).
-8
Let z(u) = -3*u**2 + 458*u + 61649. Calculate z(239).
-252
Let l(s) = -5*s**3 + 9*s**2 - 491*s + 964. Determine l(2).
-22
Let n(g) = -g**2 + 113*g - 2658. What is n(82)?
-116
Let m(l) = -8*l**3 + 75*l**2 - 36*l + 102. Give m(9).
21
Let k(m) = 9*m**2 - 878*m + 473. Give k(97).
-12
Let n(r) = 2*r**3 + 18*r**2 + 23*r + 42. Determine n(-8).
-14
Let q(g) = -g**2 + 3593*g - 42954. What is q(12)?
18
Let r(u) = -2*u**3 - 421*u**2 - 7798*u - 1577. Give r(-190).
-57
Let v(d) = -9902*d + 148554. Give v(15).
24
Let t(z) = -z**3 - 650*z**2 - 42100*z + 1597. Calculate t(-73).
64
Let r(p) = 9*p**2 + 74*p - 5875. What is r(-30)?
5
Let p(l) = 413*l - 45521. Give p(108).
-917
Let g(p) = -12*p**3 + p**2 + 11561*p - 12. What is g(0)?
-12
Let x(m) = -3634*m + 16. What is x(0)?
16
Let q(d) = -d**3 - 18*d**2 + 4*d - 138. Calculate q(-22).
1710
Let q(z) = -6*z**2 - 1334*z + 22735. Calculate q(17).
-1677
Let k(w) = -2303*w + 6870. What is k(3)?
-39
Let s(u) = -10378*u - 41272. Calculate s(-4).
240
Let f(a) = -1816*a + 6093. Give f(4).
-1171
Let h(i) = 180*i**2 - 19263*i + 308. Give h(107).
-13
Let u(j) = -98273*j - 4520554. Calculate u(-46).
4
Let s(m) = -m**2 + 24153*m + 169105. Determine s(-7).
-15
Let s(l) = 9*l**2 + 1033*l - 48860. Calculate s(36).
-8
Let y(z) = -11*z**2 - 715*z + 21049. Give y(-87).
-5
Let b(p) = -368931*p - 3689310. Determine b(-10).
0
Let p(u) = 316*u - 125777. What is p(398)?
-9
Let y(h) = 3*h**3 + 433*h**2 + 120*h - 431. What is y(-144)?
3025
Let u(j) = 2*j**3 - 78*j**2 + 699*j - 42. Determine u(26).
556
Let a(g) = -62043*g + 62133. Calculate a(1).
90
Let q(x) = x**3 - 192*x**2 + 7623*x - 950. Calculate q(136).
2
Let b(g) = 4055359*g - 28387509. Give b(7).
4
Let u(s) = s**2 + 7585*s + 1115371. What is u(-150)?
121
Let j(l) = 11979*l + 299460. Give j(-25).
-15
Let y(p) = 23*p**2 - 8088*p + 24255. Calculate y(3).
198
Let i(y) = -9*y**2 + 588*y + 46. Determine i(65).
241
Let d(g) = -g**3 + 129*g**2 + 1676*g + 2379. Give d(141).
123
Let o(m) = m**3 - 52*m**2 - 83*m - 7278. Give o(56).
618
Let x(c) = 321*c + 15454. What is x(-48)?
46
Let q(i) = -19*i**3 - 4*i**2 - 314*i + 954. Determine q(3).
-537
Let l(r) = 2*r**2 + 2669*r - 195160. What is l(-1404)?
-4
Let k(t) = t**3 - 59*t**2 + 318*t - 15098. Determine k(58).
-18
Let j(h) = -6368*h + 1292520. Give j(203).
-184
Let w(j) = 8*j**3 + j**2 - 613*j + 1818. Determine w(3).
204
Let b(q) = -2*q**2 + 2028*q - 408205. What is b(277)?
93
Let c(s) = 577*s + 67003. Calculate c(-116).
71
Let u(r) = 8*r**2 + 1086*r - 11500. What is u(10)?
160
Let p(l) = 12453*l + 74006. Give p(-6).
-712
Let o(x) = -2*x**3 - 240*x**2 + 3172*x + 505. Calculate o(-132).
-23
Let d(o) = -187*o - 1145. Give d(-11).
912
Let l(a) = 54343*a + 652129. Give l(-12).
13
Let h(n) = n**3 + 29*n**2 + 281*n + 4121. Calculate h(-22).
1327
Let m(i) = 445*i**2 + 29234*i - 8975. Calculate m(-66).
1
Let b(f) = -f**3 + 13*f**2 - 335*f + 3462. Give b(10).
412
Let m(z) = -49454*z - 98951. What is m(-2)?
-43
Let l(c) = 323*c - 74889. Calculate l(232).
47
Let i(v) = -10*v**3 - 133*v**2 + 270*v + 167. Calculate i(-15).
-58
Let j(w) = -15*w**2 - 1631*w - 5882. What is j(-105)?
-2
Let i(m) = 3381*m - 564712. What is i(167)?
-85
Let o(p) = -156*p - 3846. What is o(-24)?
-102
Let m(t) = 9*t**2 - 253*t - 4799. Determine m(-13).
11
Let v(q) = -1595*q + 5158. Give v(3).
373
Let o(l) = 10290*l + 72393. Determine o(-7).
363
Let y(h) = -19*h**2 - 198*h + 190. What is y(-11)?
69
Let a(o) = -o**3 + 171*o**2 + 2271*o - 1582. Give a(-13).
-9
Let x(d) = 6*d**2 + 2126*d + 72683. What is x(-316)?
3
Let g(x) = 12*x**2 - 112*x - 1226. What is g(16)?
54
Let v(n) = -5824*n + 145580. Calculate v(25).
-20
Let h(w) = -w**2 - 556*w + 63367. What is h(97)?
26
Let v(f) = -30*f**2 - 292*f + 1953. Give v(7).
-1561
Let k(v) = v**3 - 2*v**2 - 806*v + 2187. Determine k(28).
3
Let p(r) = 43432*r + 43438. Determine p(-1).
6
Let k(r) = 66*r**2 - 366*r - 3462. Give k(-5).
18
Let k(j) = 3732457*j + 11197376. Determine k(-3).
5
Let z(o) = -1217*o + 6466. Determine z(6).
-836
Let w(a) = -a**3 - 139*a**2 - 86*a + 7128. Calculate w(-138).
-48
Let a(r) = -897*r - 22809. Determine a(-20).
-4869
Let r(p) = 6987*p - 8750. Determine r(1).
-1763
Let a(x) = 596*x**2 - 118*x - 2. Give a(-1).
712
Let l(k) = 1387*k**2 - 2756*k - 12. Give l(2).
24
Let f(i) = -49*i**3 + 113*i**2 - 9*i + 5. What is f(2)?
47
Let l(v) = -v**3 + 66*v**2 + 10763*v - 2195. Calculate l(-76).
9
Let l(g) = g**3 + 52*g**2 - 564*g - 11178. Calculate l(-11).
-13
Let a(s) = 23*s**3 + 216*s**2 + 223*s + 8. Determine a(-1).
-22
Let a(f) = -1052*f - 2287. Give a(-2).
-183
Let f(n) = -4508*n**2 + 180354*n - 1350. What is f(40)?
10
Let y(p) = 3*p**2 + 356*p + 2594. Determine y(-114).
998
Let a(n) = -297*n + 26010. Determine a(88).
-126
Let t(q) = q**3 - 7*q**2 - 18754*q + 75030. Calculate t(4).
-34
Let y(s) = -2*s**2 - 105212*s + 210428. Determine y(2).
-4
Let l(x) = -40921*x - 368319. Determine l(-9).
-30
Let m(b) = 5*b**2 - 26367*b + 656050. Give m(25).
0
Let q(b) = b**2 + 33273*b - 99835. Determine q(3).
-7
Let d(c) = 2*c**2 + 1037*c + 49780. What is d(-465)?
25
Let o(w) = 9*w**3 + 5*w**2 + 268*w - 274. Determine o(1).
8
Let j(x) = 52*x**2 + 1168*x + 64. Determine j(-23).
708
Let o(y) = -y**2 - 44*y - 907. Determine o(-15).
-472
Let k(x) = -16*x**2 + 120*x + 5678. Determine k(-15).
278
Let b(d) = 387*d**2 + 22815*d - 1078. What is b(-59)?
-16
Let s(x) = 2*x**2 + 16*x - 150. What is s(8)?
106
Let z(m) = m**3 + 154*m**2 - 84*m + 10974. Give z(-155).
-31
Let r(y) = 88*y + 20689. Give r(-242).
-607
Let r(j) = 9*j**3 + 19*j**2 + 18*j + 29. Determine r(-2).
-3
Let d(x) = -22*x**2 + 195*x + 1332. Give d(-6).
-630
Let i(l) = -3*l**2 - 178*l - 2469. Give i(-23).
38
Let s(y) = 2699*y**2 + 140340*y - 419. Calculate s(-52).
-3
Let d(o) = 3903*o + 3953. Calculate d(-1).
50
Let k(y) = -15150*y - 136369. Calculate k(-9).
-19
Let l(o) = o**3 - 2*o**2 - 3365*o - 16757. Calculate l(-5).
-107
Let g(p) = 8*p**2 + 104*p + 817. Calculate g(-8).
497
Let i(l) = l**3 + 174*l**2 + 436*l + 15912. Calculate i(-172).
88
Let g(a) = -18215*a - 36402. What is g(-2)?
28
Let p(i) = 14*i**3 - 10*i**2 - 2038*i - 2024. Calculate p(-1).
-10
Let t(z) = -149*z**2 + 250*z - 1033. What is t(4)?
-2417
Let r(d) = 36950*d - 110822. What is r(3)?
28
Let k(c) = 31*c**3 - 19*c**2 + 4*c + 65. What is 